{"id":15,"date":"2025-07-25T15:51:56","date_gmt":"2025-07-25T13:51:56","guid":{"rendered":"https:\/\/inscriptions-tiel.com\/?page_id=15"},"modified":"2025-10-20T15:42:22","modified_gmt":"2025-10-20T13:42:22","slug":"accueil","status":"publish","type":"page","link":"https:\/\/inscriptions-tiel.com\/","title":{"rendered":"Courses"},"content":{"rendered":"\n<div class=\"wp-block-cover alignfull is-light has-custom-content-position is-position-bottom-right has-global-padding is-layout-constrained wp-container-core-cover-is-layout-8df017f2 wp-block-cover-is-layout-constrained\" style=\"margin-top:0;margin-bottom:0;padding-top:19%;padding-bottom:300px;padding-left:0\"><img loading=\"lazy\" decoding=\"async\" width=\"2560\" height=\"1920\" class=\"wp-block-cover__image-background wp-image-356 size-full\" alt=\"\" src=\"https:\/\/inscriptions-tiel.com\/wp-content\/uploads\/2025\/10\/algi-vmdJ6n8PIa8-unsplash-7-1-scaled.jpg\" data-object-fit=\"cover\" srcset=\"https:\/\/inscriptions-tiel.com\/wp-content\/uploads\/2025\/10\/algi-vmdJ6n8PIa8-unsplash-7-1-scaled.jpg 2560w, https:\/\/inscriptions-tiel.com\/wp-content\/uploads\/2025\/10\/algi-vmdJ6n8PIa8-unsplash-7-1-300x225.jpg 300w, https:\/\/inscriptions-tiel.com\/wp-content\/uploads\/2025\/10\/algi-vmdJ6n8PIa8-unsplash-7-1-1024x768.jpg 1024w, https:\/\/inscriptions-tiel.com\/wp-content\/uploads\/2025\/10\/algi-vmdJ6n8PIa8-unsplash-7-1-768x576.jpg 768w, https:\/\/inscriptions-tiel.com\/wp-content\/uploads\/2025\/10\/algi-vmdJ6n8PIa8-unsplash-7-1-1536x1152.jpg 1536w, https:\/\/inscriptions-tiel.com\/wp-content\/uploads\/2025\/10\/algi-vmdJ6n8PIa8-unsplash-7-1-2048x1536.jpg 2048w\" sizes=\"auto, (max-width: 2560px) 100vw, 2560px\" \/><span aria-hidden=\"true\" class=\"wp-block-cover__background has-background-dim-0 has-background-dim\" style=\"background-color:#a6a9a9\"><\/span><div class=\"wp-block-cover__inner-container\"><\/div><\/div>\n\n\n\n<figure class=\"wp-block-image alignwide size-large\" style=\"margin-top:var(--wp--preset--spacing--20);margin-right:0;margin-bottom:var(--wp--preset--spacing--20);margin-left:0\"><img loading=\"lazy\" decoding=\"async\" width=\"1024\" height=\"121\" src=\"https:\/\/inscriptions-tiel.com\/wp-content\/uploads\/2025\/10\/Capture-decran-2025-10-20-153713-1024x121.png\" alt=\"\" class=\"wp-image-361\" srcset=\"https:\/\/inscriptions-tiel.com\/wp-content\/uploads\/2025\/10\/Capture-decran-2025-10-20-153713-1024x121.png 1024w, https:\/\/inscriptions-tiel.com\/wp-content\/uploads\/2025\/10\/Capture-decran-2025-10-20-153713-300x35.png 300w, https:\/\/inscriptions-tiel.com\/wp-content\/uploads\/2025\/10\/Capture-decran-2025-10-20-153713-768x91.png 768w, https:\/\/inscriptions-tiel.com\/wp-content\/uploads\/2025\/10\/Capture-decran-2025-10-20-153713-1536x181.png 1536w, https:\/\/inscriptions-tiel.com\/wp-content\/uploads\/2025\/10\/Capture-decran-2025-10-20-153713-2048x242.png 2048w\" sizes=\"auto, (max-width: 1024px) 100vw, 1024px\" \/><\/figure>\n\n\n\n<div class=\"wp-block-group alignwide has-global-padding is-layout-constrained wp-block-group-is-layout-constrained\">\n<div class=\"wp-block-columns alignwide has-medium-font-size is-layout-flex wp-container-core-columns-is-layout-9e18e239 wp-block-columns-is-layout-flex\" style=\"margin-top:var(--wp--preset--spacing--40);margin-bottom:var(--wp--preset--spacing--40);padding-top:0;padding-right:0;padding-bottom:0;padding-left:0\">\n<div class=\"wp-block-column is-vertically-aligned-stretch has-medium-font-size has-global-padding is-layout-constrained wp-container-core-column-is-layout-d84f1610 wp-block-column-is-layout-constrained\" style=\"padding-top:var(--wp--preset--spacing--80);padding-right:var(--wp--preset--spacing--80);padding-bottom:var(--wp--preset--spacing--80);padding-left:var(--wp--preset--spacing--80)\">\n<div class=\"wp-block-group has-global-padding is-layout-constrained wp-container-core-group-is-layout-dca71664 wp-block-group-is-layout-constrained\" style=\"min-height:100%\">\n<h3 class=\"wp-block-heading has-text-align-center has-text-color\" style=\"color:#ffd52ea6;margin-top:0.5rem;margin-bottom:0rem;font-size:clamp(1.352rem, 1.352rem + ((1vw - 0.2rem) * 1.542), 2.2rem);font-style:normal;font-weight:500;letter-spacing:0px;line-height:1.3\">ORGANISATEUR<\/h3>\n\n\n\n<hr class=\"wp-block-separator has-alpha-channel-opacity\"\/>\n\n\n\n<p><\/p>\n\n\n\n<p class=\"has-text-align-center has-text-color\" style=\"color:#010101;margin-top:0rem;font-size:clamp(14px, 0.875rem + ((1vw - 3.2px) * 0.455), 18px);font-style:normal;font-weight:400;line-height:1.5\"><strong>G\u00e9rez vos \u00e9v\u00e9nements simplement avec TIEL<\/strong><\/p>\n\n\n\n<p class=\"has-text-align-center has-text-color\" style=\"color:#010101;margin-top:0rem;font-size:clamp(14px, 0.875rem + ((1vw - 3.2px) * 0.455), 18px);font-style:normal;font-weight:400;line-height:1.5\"><br>Cr\u00e9ez vos \u00e9preuves, ouvrez les inscriptions et suivez vos participants depuis une seule plateforme.<br>Gagnez du temps, simplifiez votre logistique et offrez une meilleure exp\u00e9rience \u00e0 vos athl\u00e8tes.<\/p>\n\n\n\n<div class=\"wp-block-group is-vertical is-content-justification-stretch is-layout-flex wp-container-core-group-is-layout-53ad70e0 wp-block-group-is-layout-flex\" style=\"margin-top:1.61rem;padding-right:0px;padding-left:0px\">\n<div class=\"wp-block-group has-global-padding is-content-justification-center is-layout-constrained wp-container-core-group-is-layout-3e0b19d7 wp-block-group-is-layout-constrained\" style=\"margin-top:0px\">\n<div class=\"wp-block-buttons is-horizontal is-content-justification-right is-layout-flex wp-container-core-buttons-is-layout-099266fd wp-block-buttons-is-layout-flex\" style=\"margin-top:0.51rem\">\n<div class=\"wp-block-button has-custom-width wp-block-button__width-100 is-style-outline is-style-outline--1\"><a class=\"wp-block-button__link has-text-color has-background has-work-sans-regular-font-family has-custom-font-size wp-element-button\" href=\"https:\/\/registrations.inscriptions-tiel.com\/auth\/register\" style=\"border-style:none;border-width:0px;border-radius:0rem;color:#040404;background-color:#ffd52ea6;padding-top:0.71rem;padding-right:0.31rem;padding-bottom:0.71rem;padding-left:0.31rem;font-size:clamp(0.929rem, 0.929rem + ((1vw - 0.2rem) * 0.856), 1.4rem);font-style:normal;font-weight:700;line-height:1.5;text-transform:uppercase\" target=\"_blank\" rel=\"noreferrer noopener\"><strong>CREATION DE COMPTE ORGA<\/strong><\/a><\/div>\n<\/div>\n<\/div>\n<\/div>\n<\/div>\n<\/div>\n\n\n\n<div class=\"wp-block-column has-global-padding is-layout-constrained wp-container-core-column-is-layout-bde36f8e wp-block-column-is-layout-constrained\" style=\"padding-top:var(--wp--preset--spacing--80);padding-right:var(--wp--preset--spacing--70);padding-bottom:var(--wp--preset--spacing--80);padding-left:var(--wp--preset--spacing--70)\">\n<div class=\"wp-block-group has-global-padding is-layout-constrained wp-container-core-group-is-layout-dca71664 wp-block-group-is-layout-constrained\" style=\"min-height:100%\">\n<h3 class=\"wp-block-heading has-text-align-center has-text-color\" style=\"color:#0096d6;margin-top:0.5rem;margin-bottom:0rem;font-size:clamp(1.352rem, 1.352rem + ((1vw - 0.2rem) * 1.542), 2.2rem);font-style:normal;font-weight:500;letter-spacing:0px;line-height:1.3\">PARTICIPANT<\/h3>\n\n\n\n<hr class=\"wp-block-separator has-alpha-channel-opacity\"\/>\n\n\n\n<p><\/p>\n\n\n\n<p class=\"has-text-align-center has-text-color\" style=\"color:#010101;margin-top:0rem;font-size:clamp(14px, 0.875rem + ((1vw - 3.2px) * 0.455), 18px);font-style:normal;font-weight:400;line-height:1.5\"><strong>Trouvez votre prochaine course et inscrivez-vous <\/strong><\/p>\n\n\n\n<p class=\"has-text-align-center has-text-color\" style=\"color:#010101;margin-top:0rem;font-size:clamp(14px, 0.875rem + ((1vw - 3.2px) * 0.455), 18px);font-style:normal;font-weight:400;line-height:1.5\"><br>D\u00e9couvrez un large choix d\u2019\u00e9preuves : triathlons, trails, courses \u00e0 pied, natation ou v\u00e9lo.<br>Inscrivez-vous en quelques clics et suivez toutes vos participations au m\u00eame endroit.<\/p>\n\n\n\n<div class=\"wp-block-group is-vertical is-content-justification-stretch is-layout-flex wp-container-core-group-is-layout-53ad70e0 wp-block-group-is-layout-flex\" style=\"margin-top:1.61rem;padding-right:0px;padding-left:0px\">\n<div class=\"wp-block-group has-global-padding is-content-justification-center is-layout-constrained wp-container-core-group-is-layout-3e0b19d7 wp-block-group-is-layout-constrained\" style=\"margin-top:0px\">\n<div class=\"wp-block-buttons is-horizontal is-content-justification-right is-layout-flex wp-container-core-buttons-is-layout-099266fd wp-block-buttons-is-layout-flex\" style=\"margin-top:0.51rem\">\n<div class=\"wp-block-button has-custom-width wp-block-button__width-100 is-style-outline is-style-outline--2\"><a class=\"wp-block-button__link has-text-color has-background has-work-sans-regular-font-family has-custom-font-size wp-element-button\" href=\"https:\/\/inscriptions-tiel.com\/events\/\" style=\"border-style:none;border-width:0px;border-radius:0rem;color:#ffffff;background-color:#0096d6;padding-top:0.71rem;padding-right:0.31rem;padding-bottom:0.71rem;padding-left:0.31rem;font-size:clamp(0.929rem, 0.929rem + ((1vw - 0.2rem) * 0.856), 1.4rem);font-style:normal;font-weight:700;line-height:1.5;text-transform:uppercase\" target=\"_blank\" rel=\"noreferrer noopener\"><strong>VOIR LE CALENDRIER COMPLET<\/strong><\/a><\/div>\n<\/div>\n<\/div>\n<\/div>\n<\/div>\n<\/div>\n<\/div>\n<\/div>\n\n\n\n<p class=\"has-text-align-center has-background\" style=\"background-color:#ffd52e94\"><strong>LES EVENEMENTS DU MOIS <\/strong>:<\/p>\n\n\n\n<div class=\"wp-block-cover alignfull is-light\" style=\"padding-top:3.51rem;padding-right:0px;padding-bottom:2.01rem;padding-left:0px;min-height:506px;aspect-ratio:unset;\"><span aria-hidden=\"true\" class=\"wp-block-cover__background has-background-dim-60 has-background-dim\" style=\"background-color:#ffd52e\"><\/span><div class=\"wp-block-cover__inner-container is-layout-flow wp-block-cover-is-layout-flow\">\n<div class=\"wp-block-group alignfull is-layout-flow wp-block-group-is-layout-flow\" style=\"margin-top:0px;margin-bottom:0px;padding-top:0rem;padding-right:1px;padding-bottom:2.01rem;padding-left:1px\">\n<div class=\"wp-block-columns alignfull is-layout-flex wp-container-core-columns-is-layout-35290b6f wp-block-columns-is-layout-flex\" style=\"padding-top:0rem\">\n<div class=\"wp-block-column is-layout-flow wp-block-column-is-layout-flow\" style=\"padding-top:1rem;padding-right:0rem;padding-bottom:1rem;padding-left:0rem\">\n<div class=\"wp-block-cover is-light\" style=\"padding-right:0.51rem;padding-left:0.51rem;min-height:390px;aspect-ratio:unset;\"><img loading=\"lazy\" decoding=\"async\" width=\"1024\" height=\"682\" class=\"wp-block-cover__image-background wp-image-59 size-large\" alt=\"\" src=\"https:\/\/inscriptions-tiel.com\/wp-content\/uploads\/2025\/08\/pexels-pixabay-163407-1024x682.jpg\" style=\"object-position:33% 62%\" data-object-fit=\"cover\" data-object-position=\"33% 62%\" srcset=\"https:\/\/inscriptions-tiel.com\/wp-content\/uploads\/2025\/08\/pexels-pixabay-163407-1024x682.jpg 1024w, https:\/\/inscriptions-tiel.com\/wp-content\/uploads\/2025\/08\/pexels-pixabay-163407-300x200.jpg 300w, https:\/\/inscriptions-tiel.com\/wp-content\/uploads\/2025\/08\/pexels-pixabay-163407-768x511.jpg 768w, https:\/\/inscriptions-tiel.com\/wp-content\/uploads\/2025\/08\/pexels-pixabay-163407-1536x1022.jpg 1536w, https:\/\/inscriptions-tiel.com\/wp-content\/uploads\/2025\/08\/pexels-pixabay-163407.jpg 1920w\" sizes=\"auto, (max-width: 1024px) 100vw, 1024px\" \/><span aria-hidden=\"true\" class=\"wp-block-cover__background has-background-dim-0 has-background-dim\" style=\"background-color:#888e8e\"><\/span><div class=\"wp-block-cover__inner-container has-global-padding is-layout-constrained wp-container-core-cover-is-layout-1a3bd245 wp-block-cover-is-layout-constrained\">\n<div class=\"wp-block-buttons is-content-justification-center is-layout-flex wp-container-core-buttons-is-layout-a89b3969 wp-block-buttons-is-layout-flex\">\n<div class=\"wp-block-button is-style-fill\"><a class=\"wp-block-button__link has-text-color has-background has-link-color wp-element-button\" href=\"https:\/\/inscriptions-tiel.com\/index.php\/event\/test-course\/\" style=\"color:#1a1919;background-color:#fae86d;padding-top:0;padding-right:var(--wp--preset--spacing--30);padding-bottom:0;padding-left:var(--wp--preset--spacing--30)\" target=\"_blank\" rel=\"noreferrer noopener\">Test course<\/a><\/div>\n<\/div>\n<\/div><\/div>\n<\/div>\n\n\n\n<div class=\"wp-block-column is-layout-flow wp-block-column-is-layout-flow\" style=\"padding-top:1rem;padding-right:0rem;padding-bottom:1rem;padding-left:0rem\">\n<div class=\"wp-block-cover\" style=\"padding-right:0.51rem;padding-left:0.51rem;min-height:390px;aspect-ratio:unset;\"><img loading=\"lazy\" decoding=\"async\" width=\"721\" height=\"1024\" class=\"wp-block-cover__image-background wp-image-60 size-large\" alt=\"\" src=\"https:\/\/inscriptions-tiel.com\/wp-content\/uploads\/2025\/08\/pexels-pixabay-54326-721x1024.jpg\" style=\"object-position:55% 21%\" data-object-fit=\"cover\" data-object-position=\"55% 21%\" srcset=\"https:\/\/inscriptions-tiel.com\/wp-content\/uploads\/2025\/08\/pexels-pixabay-54326-721x1024.jpg 721w, https:\/\/inscriptions-tiel.com\/wp-content\/uploads\/2025\/08\/pexels-pixabay-54326-211x300.jpg 211w, https:\/\/inscriptions-tiel.com\/wp-content\/uploads\/2025\/08\/pexels-pixabay-54326-768x1091.jpg 768w, https:\/\/inscriptions-tiel.com\/wp-content\/uploads\/2025\/08\/pexels-pixabay-54326-1081x1536.jpg 1081w, https:\/\/inscriptions-tiel.com\/wp-content\/uploads\/2025\/08\/pexels-pixabay-54326.jpg 1280w\" sizes=\"auto, (max-width: 721px) 100vw, 721px\" \/><span aria-hidden=\"true\" class=\"wp-block-cover__background has-background-dim-0 has-background-dim\" style=\"background-color:#9f390a\"><\/span><div class=\"wp-block-cover__inner-container has-global-padding is-layout-constrained wp-container-core-cover-is-layout-1a3bd245 wp-block-cover-is-layout-constrained\">\n<div class=\"wp-block-buttons is-content-justification-center is-layout-flex wp-container-core-buttons-is-layout-a89b3969 wp-block-buttons-is-layout-flex\">\n<div class=\"wp-block-button\"><a class=\"wp-block-button__link has-text-color has-background has-link-color wp-element-button\" href=\"https:\/\/inscriptions-tiel.com\/index.php\/event\/test-2-bike-and-run\/\" style=\"color:#0f0f0f;background-color:#fae86d\" target=\"_blank\" rel=\"noreferrer noopener\">Bike and run halloween<\/a><\/div>\n<\/div>\n<\/div><\/div>\n<\/div>\n\n\n\n<div class=\"wp-block-column is-layout-flow wp-block-column-is-layout-flow\" style=\"padding-top:1rem;padding-right:0rem;padding-bottom:1rem;padding-left:0rem\">\n<div class=\"wp-block-cover\" style=\"padding-right:0.51rem;padding-left:0.51rem;min-height:390px;aspect-ratio:unset;\"><img loading=\"lazy\" decoding=\"async\" width=\"1024\" height=\"768\" class=\"wp-block-cover__image-background wp-image-61 size-large\" alt=\"\" src=\"https:\/\/inscriptions-tiel.com\/wp-content\/uploads\/2025\/08\/pexels-ajaybhargavguduru-863988-1024x768.jpg\" style=\"object-position:85% 45%\" data-object-fit=\"cover\" data-object-position=\"85% 45%\" srcset=\"https:\/\/inscriptions-tiel.com\/wp-content\/uploads\/2025\/08\/pexels-ajaybhargavguduru-863988-1024x768.jpg 1024w, https:\/\/inscriptions-tiel.com\/wp-content\/uploads\/2025\/08\/pexels-ajaybhargavguduru-863988-300x225.jpg 300w, https:\/\/inscriptions-tiel.com\/wp-content\/uploads\/2025\/08\/pexels-ajaybhargavguduru-863988-768x576.jpg 768w, https:\/\/inscriptions-tiel.com\/wp-content\/uploads\/2025\/08\/pexels-ajaybhargavguduru-863988-1536x1152.jpg 1536w, https:\/\/inscriptions-tiel.com\/wp-content\/uploads\/2025\/08\/pexels-ajaybhargavguduru-863988.jpg 1920w\" sizes=\"auto, (max-width: 1024px) 100vw, 1024px\" \/><span aria-hidden=\"true\" class=\"wp-block-cover__background has-background-dim-0 has-background-dim\" style=\"background-color:#2b92b0\"><\/span><div class=\"wp-block-cover__inner-container has-global-padding is-layout-constrained wp-container-core-cover-is-layout-1a3bd245 wp-block-cover-is-layout-constrained\">\n<h3 class=\"wp-block-heading has-text-align-center has-text-color\" style=\"color:#fffffd;font-size:clamp(1.507rem, 1.507rem + ((1vw - 0.2rem) * 1.824), 2.51rem);\">Course 3<\/h3>\n<\/div><\/div>\n<\/div>\n\n\n\n<div class=\"wp-block-column is-layout-flow wp-block-column-is-layout-flow\" style=\"padding-top:1rem;padding-right:0rem;padding-bottom:1rem;padding-left:0rem\">\n<div class=\"wp-block-cover is-light\" style=\"padding-right:0.51rem;padding-left:0.51rem;min-height:390px;aspect-ratio:unset;\"><img loading=\"lazy\" decoding=\"async\" width=\"1024\" height=\"683\" class=\"wp-block-cover__image-background wp-image-62 size-large\" alt=\"\" src=\"https:\/\/inscriptions-tiel.com\/wp-content\/uploads\/2025\/08\/pexels-pixabay-248547-1024x683.jpg\" style=\"object-position:65% 43%\" data-object-fit=\"cover\" data-object-position=\"65% 43%\" srcset=\"https:\/\/inscriptions-tiel.com\/wp-content\/uploads\/2025\/08\/pexels-pixabay-248547-1024x683.jpg 1024w, https:\/\/inscriptions-tiel.com\/wp-content\/uploads\/2025\/08\/pexels-pixabay-248547-300x200.jpg 300w, https:\/\/inscriptions-tiel.com\/wp-content\/uploads\/2025\/08\/pexels-pixabay-248547-768x512.jpg 768w, https:\/\/inscriptions-tiel.com\/wp-content\/uploads\/2025\/08\/pexels-pixabay-248547-1536x1024.jpg 1536w, https:\/\/inscriptions-tiel.com\/wp-content\/uploads\/2025\/08\/pexels-pixabay-248547.jpg 1920w\" sizes=\"auto, (max-width: 1024px) 100vw, 1024px\" \/><span aria-hidden=\"true\" class=\"wp-block-cover__background has-background-dim-0 has-background-dim\" style=\"background-color:#888687\"><\/span><div class=\"wp-block-cover__inner-container has-global-padding is-layout-constrained wp-container-core-cover-is-layout-1a3bd245 wp-block-cover-is-layout-constrained\">\n<h3 class=\"wp-block-heading has-text-align-center has-text-color\" style=\"color:#fffffd;font-size:clamp(1.507rem, 1.507rem + ((1vw - 0.2rem) * 1.824), 2.51rem);\">Course 4<\/h3>\n<\/div><\/div>\n<\/div>\n<\/div>\n<\/div>\n<\/div><\/div>\n\n\n\n<p><\/p>\n\n\n\n<section class=\"wp-block-cover alignfull\" style=\"border-width:35px;margin-top:0px;padding-top:1.01rem;padding-bottom:1.01rem;min-height:430px;aspect-ratio:unset;\"><img loading=\"lazy\" decoding=\"async\" width=\"1024\" height=\"517\" class=\"wp-block-cover__image-background wp-image-295 size-large\" alt=\"\" src=\"https:\/\/inscriptions-tiel.com\/wp-content\/uploads\/2025\/10\/todd-quackenbush-E9PJO_vL3E8-unsplash-1024x517.jpg\" style=\"object-position:46% 60%\" data-object-fit=\"cover\" data-object-position=\"46% 60%\" srcset=\"https:\/\/inscriptions-tiel.com\/wp-content\/uploads\/2025\/10\/todd-quackenbush-E9PJO_vL3E8-unsplash-1024x517.jpg 1024w, https:\/\/inscriptions-tiel.com\/wp-content\/uploads\/2025\/10\/todd-quackenbush-E9PJO_vL3E8-unsplash-300x151.jpg 300w, https:\/\/inscriptions-tiel.com\/wp-content\/uploads\/2025\/10\/todd-quackenbush-E9PJO_vL3E8-unsplash-768x387.jpg 768w, https:\/\/inscriptions-tiel.com\/wp-content\/uploads\/2025\/10\/todd-quackenbush-E9PJO_vL3E8-unsplash-1536x775.jpg 1536w, https:\/\/inscriptions-tiel.com\/wp-content\/uploads\/2025\/10\/todd-quackenbush-E9PJO_vL3E8-unsplash-2048x1033.jpg 2048w\" sizes=\"auto, (max-width: 1024px) 100vw, 1024px\" \/><span aria-hidden=\"true\" class=\"wp-block-cover__background has-background-dim-0 has-background-dim\" style=\"background-color:#edf1f2\"><\/span><div class=\"wp-block-cover__inner-container has-global-padding is-layout-constrained wp-container-core-cover-is-layout-b1bebcb3 wp-block-cover-is-layout-constrained\">\n<div class=\"wp-block-group has-text-color is-layout-flow wp-block-group-is-layout-flow\" style=\"color:#fffffd;margin-top:0px;padding-top:0rem;padding-right:1rem;padding-bottom:0rem;padding-left:1rem;font-size:clamp(0.875rem, 0.875rem + ((1vw - 0.2rem) * 0.464), 1.13rem);font-style:normal;font-weight:400;line-height:1.4\">\n<div class=\"wp-block-group has-global-padding is-layout-constrained wp-container-core-group-is-layout-bdbfdc43 wp-block-group-is-layout-constrained\">\n<h2 class=\"wp-block-heading has-text-align-center has-text-color\" style=\"color:#fffffd;margin-bottom:0rem;font-size:clamp(1.507rem, 1.507rem + ((1vw - 0.2rem) * 1.824), 2.51rem);font-style:normal;font-weight:400;line-height:1.2\">Param\u00e9trages de votre \u00e9v\u00e9nement :<br><br>Retrouvez les diff\u00e9rents guides d&rsquo;utilisation, la brochure ainsi que la grille tarifaire de notre plateforme TIEL<\/h2>\n<\/div>\n\n\n\n<div class=\"wp-block-group is-vertical is-content-justification-stretch is-layout-flex wp-container-core-group-is-layout-bfdebe91 wp-block-group-is-layout-flex\" style=\"margin-top:1.81rem;padding-right:0px;padding-left:0px\">\n<div class=\"wp-block-group has-global-padding is-content-justification-center is-layout-constrained wp-container-core-group-is-layout-2f0bcb29 wp-block-group-is-layout-constrained\" style=\"margin-top:0px\">\n<div class=\"wp-block-buttons is-horizontal is-content-justification-right is-layout-flex wp-container-core-buttons-is-layout-099266fd wp-block-buttons-is-layout-flex\" style=\"margin-top:0.51rem\">\n<div class=\"wp-block-button has-custom-width wp-block-button__width-100 is-style-fill\"><a class=\"wp-block-button__link has-text-color has-background has-custom-font-size wp-element-button\" href=\"https:\/\/drive.google.com\/drive\/folders\/1tZd0lFttch3I4hGoB7_ISF8_dc0bYvNH?usp=sharing\" style=\"border-style:none;border-width:0px;border-radius:0rem;color:#fffffd;background-color:#0096d6;padding-top:0.71rem;padding-right:0.31rem;padding-bottom:0.71rem;padding-left:0.31rem;font-size:clamp(0.875rem, 0.875rem + ((1vw - 0.2rem) * 0.245), 1.01rem);font-style:normal;font-weight:600;line-height:1.5;text-transform:uppercase\" target=\"_blank\" rel=\"noreferrer noopener\">JUSTE ICI<\/a><\/div>\n<\/div>\n<\/div>\n<\/div>\n<\/div>\n<\/div><\/section>\n\n\n\n<p><\/p>\n","protected":false},"excerpt":{"rendered":"<p>ORGANISATEUR G\u00e9rez vos \u00e9v\u00e9nements simplement avec TIEL Cr\u00e9ez vos \u00e9preuves, ouvrez les inscriptions et suivez vos participants depuis une seule plateforme.Gagnez du temps, simplifiez votre logistique et offrez une meilleure [&hellip;]<\/p>\n","protected":false},"author":2,"featured_media":0,"parent":0,"menu_order":0,"comment_status":"closed","ping_status":"closed","template":"","meta":{"_EventAllDay":false,"_EventTimezone":"","_EventStartDate":"","_EventEndDate":"","_EventStartDateUTC":"","_EventEndDateUTC":"","_EventShowMap":false,"_EventShowMapLink":false,"_EventURL":"","_EventCost":"","_EventCostDescription":"","_EventCurrencySymbol":"","_EventCurrencyCode":"","_EventCurrencyPosition":"","_EventDateTimeSeparator":"","_EventTimeRangeSeparator":"","_EventOrganizerID":[],"_EventVenueID":[],"_OrganizerEmail":"","_OrganizerPhone":"","_OrganizerWebsite":"","_VenueAddress":"","_VenueCity":"","_VenueCountry":"","_VenueProvince":"","_VenueState":"","_VenueZip":"","_VenuePhone":"","_VenueURL":"","_VenueStateProvince":"","_VenueLat":"","_VenueLng":"","_VenueShowMap":false,"_VenueShowMapLink":false,"footnotes":""},"class_list":["post-15","page","type-page","status-publish","hentry"],"_links":{"self":[{"href":"https:\/\/inscriptions-tiel.com\/index.php\/wp-json\/wp\/v2\/pages\/15","targetHints":{"allow":["GET"]}}],"collection":[{"href":"https:\/\/inscriptions-tiel.com\/index.php\/wp-json\/wp\/v2\/pages"}],"about":[{"href":"https:\/\/inscriptions-tiel.com\/index.php\/wp-json\/wp\/v2\/types\/page"}],"author":[{"embeddable":true,"href":"https:\/\/inscriptions-tiel.com\/index.php\/wp-json\/wp\/v2\/users\/2"}],"replies":[{"embeddable":true,"href":"https:\/\/inscriptions-tiel.com\/index.php\/wp-json\/wp\/v2\/comments?post=15"}],"version-history":[{"count":65,"href":"https:\/\/inscriptions-tiel.com\/index.php\/wp-json\/wp\/v2\/pages\/15\/revisions"}],"predecessor-version":[{"id":388,"href":"https:\/\/inscriptions-tiel.com\/index.php\/wp-json\/wp\/v2\/pages\/15\/revisions\/388"}],"wp:attachment":[{"href":"https:\/\/inscriptions-tiel.com\/index.php\/wp-json\/wp\/v2\/media?parent=15"}],"curies":[{"name":"wp","href":"https:\/\/api.w.org\/{rel}","templated":true}]}}