{"id":376,"date":"2025-10-30T16:14:13","date_gmt":"2025-10-30T15:14:13","guid":{"rendered":"https:\/\/inscriptions-tiel.com\/?page_id=376"},"modified":"2025-10-30T16:18:00","modified_gmt":"2025-10-30T15:18:00","slug":"mention-legales","status":"publish","type":"page","link":"https:\/\/inscriptions-tiel.com\/index.php\/mention-legales\/","title":{"rendered":"Mention L\u00e9gales"},"content":{"rendered":"\n<p class=\"has-text-align-left\"><strong>Site internet<\/strong> : <a href=\"https:\/\/inscriptions-tiel.com\/\">https:\/\/inscriptions-tiel.com\/<\/a><\/p>\n\n\n\n<h3 class=\"wp-block-heading\">\u00c9diteur du site<\/h3>\n\n\n\n<p>TRIATHLON EVENEMENTS<br>SAS, soci\u00e9t\u00e9 par actions simplifi\u00e9e<br><a href=\"https:\/\/maps.google.com\/?q=2,+rue+de+la+Justice&amp;entry=gmail&amp;source=g\" target=\"_blank\" rel=\"noreferrer noopener\">2, rue de la Justice<br><\/a>93213 SAINT-DENIS LA PLAINE CEDEX<br>Pr\u00e9sident de la soci\u00e9t\u00e9 Triathlon \u00e9v\u00e8nement (TEVE) : Bernard Saint-Jean<br><\/p>\n\n\n\n<hr class=\"wp-block-separator has-alpha-channel-opacity\"\/>\n\n\n\n<h3 class=\"wp-block-heading\">H\u00e9bergement<\/h3>\n\n\n\n<p>Le site&nbsp;<a href=\"https:\/\/inscriptions-tiel.com\/\">https:\/\/inscriptions-tiel.com<\/a>&nbsp;est h\u00e9berg\u00e9 par la soci\u00e9t\u00e9 OVH<br><a href=\"https:\/\/maps.google.com\/?q=2+rue+Kellermann+-+59100+Roubaix+-+France&amp;entry=gmail&amp;source=g\" target=\"_blank\" rel=\"noreferrer noopener\">2 rue Kellermann \u2013 59100 Roubaix \u2013 France<\/a><\/p>\n\n\n\n<hr class=\"wp-block-separator has-alpha-channel-opacity\"\/>\n\n\n\n<h3 class=\"wp-block-heading\">Propri\u00e9t\u00e9 intellectuelle<\/h3>\n\n\n\n<p>L\u2019ensemble du contenu pr\u00e9sent sur le site (textes, images, graphismes, logo, structure, etc.) est prot\u00e9g\u00e9 par le droit de la propri\u00e9t\u00e9 intellectuelle.<br>Toute reproduction, repr\u00e9sentation, modification, publication, adaptation de tout ou partie du site est interdite sans autorisation \u00e9crite pr\u00e9alable de l\u2019\u00e9diteur.<\/p>\n\n\n\n<hr class=\"wp-block-separator has-alpha-channel-opacity\"\/>\n\n\n\n<h3 class=\"wp-block-heading\">Donn\u00e9es personnelles<\/h3>\n\n\n\n<p>Les seules donn\u00e9es personnelles collect\u00e9es par le site <a href=\"https:\/\/inscriptions-tiel.com\/\">https:\/\/inscriptions-tiel.com\/<\/a> sont celles transmises volontairement via le <strong>formulaire de contact<\/strong>.<br>Ces informations sont utilis\u00e9es uniquement pour r\u00e9pondre aux demandes des utilisateurs et ne sont <strong>ni revendues ni transmises \u00e0 des tiers<\/strong>.<\/p>\n\n\n\n<p>Conform\u00e9ment au <strong>R\u00e8glement G\u00e9n\u00e9ral sur la Protection des Donn\u00e9es (RGPD)<\/strong>, vous pouvez exercer vos droits d\u2019acc\u00e8s, de rectification ou de suppression de vos donn\u00e9es en \u00e9crivant \u00e0 :<br>\ud83d\udce7 <strong>support@triathlon-evenements.com<\/strong><\/p>\n\n\n\n<hr class=\"wp-block-separator has-alpha-channel-opacity\"\/>\n\n\n\n<h3 class=\"wp-block-heading\">Absence de cookies<\/h3>\n\n\n\n<p>Ce site <strong>n\u2019utilise pas de cookies ni de traceurs<\/strong> \u00e0 des fins de mesure d\u2019audience, de publicit\u00e9 ou de suivi.<\/p>\n\n\n\n<hr class=\"wp-block-separator has-alpha-channel-opacity\"\/>\n\n\n\n<h3 class=\"wp-block-heading\">Limitation de responsabilit\u00e9<\/h3>\n\n\n\n<p>L\u2019\u00e9diteur s\u2019efforce d\u2019assurer l\u2019exactitude des informations diffus\u00e9es sur le site, mais ne peut \u00eatre tenu responsable d\u2019erreurs, d\u2019omissions ou de tout dommage li\u00e9 \u00e0 l\u2019utilisation du site.<\/p>\n\n\n\n<hr class=\"wp-block-separator has-alpha-channel-opacity\"\/>\n\n\n\n<p><strong>Derni\u00e8re mise \u00e0 jour :<\/strong> 30\/10\/2025<\/p>\n","protected":false},"excerpt":{"rendered":"<p>Site internet : https:\/\/inscriptions-tiel.com\/ \u00c9diteur du site TRIATHLON EVENEMENTSSAS, soci\u00e9t\u00e9 par actions simplifi\u00e9e2, rue de la Justice93213 SAINT-DENIS LA PLAINE CEDEXPr\u00e9sident de la soci\u00e9t\u00e9 Triathlon \u00e9v\u00e8nement (TEVE) : Bernard Saint-Jean [&hellip;]<\/p>\n","protected":false},"author":2,"featured_media":0,"parent":0,"menu_order":0,"comment_status":"closed","ping_status":"closed","template":"","meta":{"_EventAllDay":false,"_EventTimezone":"","_EventStartDate":"","_EventEndDate":"","_EventStartDateUTC":"","_EventEndDateUTC":"","_EventShowMap":false,"_EventShowMapLink":false,"_EventURL":"","_EventCost":"","_EventCostDescription":"","_EventCurrencySymbol":"","_EventCurrencyCode":"","_EventCurrencyPosition":"","_EventDateTimeSeparator":"","_EventTimeRangeSeparator":"","_EventOrganizerID":[],"_EventVenueID":[],"_OrganizerEmail":"","_OrganizerPhone":"","_OrganizerWebsite":"","_VenueAddress":"","_VenueCity":"","_VenueCountry":"","_VenueProvince":"","_VenueState":"","_VenueZip":"","_VenuePhone":"","_VenueURL":"","_VenueStateProvince":"","_VenueLat":"","_VenueLng":"","_VenueShowMap":false,"_VenueShowMapLink":false,"footnotes":""},"class_list":["post-376","page","type-page","status-publish","hentry"],"_links":{"self":[{"href":"https:\/\/inscriptions-tiel.com\/index.php\/wp-json\/wp\/v2\/pages\/376","targetHints":{"allow":["GET"]}}],"collection":[{"href":"https:\/\/inscriptions-tiel.com\/index.php\/wp-json\/wp\/v2\/pages"}],"about":[{"href":"https:\/\/inscriptions-tiel.com\/index.php\/wp-json\/wp\/v2\/types\/page"}],"author":[{"embeddable":true,"href":"https:\/\/inscriptions-tiel.com\/index.php\/wp-json\/wp\/v2\/users\/2"}],"replies":[{"embeddable":true,"href":"https:\/\/inscriptions-tiel.com\/index.php\/wp-json\/wp\/v2\/comments?post=376"}],"version-history":[{"count":2,"href":"https:\/\/inscriptions-tiel.com\/index.php\/wp-json\/wp\/v2\/pages\/376\/revisions"}],"predecessor-version":[{"id":379,"href":"https:\/\/inscriptions-tiel.com\/index.php\/wp-json\/wp\/v2\/pages\/376\/revisions\/379"}],"wp:attachment":[{"href":"https:\/\/inscriptions-tiel.com\/index.php\/wp-json\/wp\/v2\/media?parent=376"}],"curies":[{"name":"wp","href":"https:\/\/api.w.org\/{rel}","templated":true}]}}